{"id":1760,"date":"2021-08-27T08:47:52","date_gmt":"2021-08-27T08:47:52","guid":{"rendered":"http:\/\/www.protes.com.tr\/?page_id=1760"},"modified":"2021-08-27T08:47:53","modified_gmt":"2021-08-27T08:47:53","slug":"orta-gerilim-tesisleri","status":"publish","type":"page","link":"http:\/\/www.protes.com.tr\/index.php\/orta-gerilim-tesisleri\/","title":{"rendered":"ORTA GER\u0130L\u0130M TES\u0130SLER\u0130"},"content":{"rendered":"\n<figure class=\"wp-block-image size-full\"><img loading=\"lazy\" width=\"994\" height=\"409\" src=\"http:\/\/www.protes.com.tr\/wp-content\/uploads\/2021\/08\/orta-gerilim-tesisleri.png\" alt=\"\" class=\"wp-image-1761\" srcset=\"http:\/\/www.protes.com.tr\/wp-content\/uploads\/2021\/08\/orta-gerilim-tesisleri.png 994w, http:\/\/www.protes.com.tr\/wp-content\/uploads\/2021\/08\/orta-gerilim-tesisleri-300x123.png 300w, http:\/\/www.protes.com.tr\/wp-content\/uploads\/2021\/08\/orta-gerilim-tesisleri-768x316.png 768w\" sizes=\"(max-width: 994px) 100vw, 994px\" \/><\/figure>\n\n\n\n<ol><li>\u0130NTERMAK\u0130NA A.\u015e. \u2013 K\u00fc\u00e7\u00fckyal\u0131 \/ \u0130STANBUL &#8211; 100 kVA \/ 15 kV Trafo Tesisi ve 1500 m Enerji Nakil Hatt\u0131<\/li><li>SEN\u0130RKENT \u0130\u00c7ME SUYU PROJES\u0130 &#8211; Pompa \u0130stasyonu Otomasyonu ve Trafo Tesisi<\/li><li>ANTALYA ATIK SU PROJES\u0130 &#8211; Pompa \u0130stasyonu Otomasyonu ve Trafo Tesisi<\/li><li>YEN\u0130K\u00d6Y KALICI KONUTLARI &#8211; 250 kVA Trafo Tesisi ve A.G. Da\u011f\u0131t\u0131m Hatt\u0131<\/li><li>ADAPAZARI KALICI KONUTLARI &#8211; 250 kVA Trafo Tesisi ve A.G. Da\u011f\u0131t\u0131m Hatt\u0131<\/li><li>G\u00dcNDO\u011eDU KALICI KONUTLARI &#8211; 3&#215;250 kVA Trafo Tesisi ve A.G. Da\u011f\u0131t\u0131m Hatt\u0131<\/li><li>DZ.K.K DER\u0130NCE E\u011e\u0130T\u0130M MERKEZ\u0130 ALTYAPI VE TRAFO TES\u0130S\u0130 &#8211; 2&#215;1000 kVA Trafo ve Generat\u00f6r Tesisi &#8211; \u00c7evre Ayd\u0131nlatma<\/li><li>H\u0130LAL AL\u00dcM\u0130NYUM ED\u0130RNE FABR\u0130KASI TRAFO TES\u0130S\u0130 &#8211; 1250 kVA Trafo Tesisi<\/li><li>URT\u0130M KALIP HADIMK\u00d6Y FABR\u0130KASI TRAFO TES\u0130S\u0130 &#8211; 1250 kVA Trafo Tesisi<\/li><\/ol>\n","protected":false},"excerpt":{"rendered":"<p>\u0130NTERMAK\u0130NA A.\u015e. \u2013 K\u00fc\u00e7\u00fckyal\u0131 \/ \u0130STANBUL &#8211; 100 kVA \/ 15 kV Trafo Tesisi ve 1500 m Enerji Nakil Hatt\u0131 SEN\u0130RKENT \u0130\u00c7ME SUYU PROJES\u0130 &#8211; Pompa \u0130stasyonu Otomasyonu ve Trafo &#8230;<\/p>\n","protected":false},"author":1,"featured_media":0,"parent":0,"menu_order":0,"comment_status":"closed","ping_status":"closed","template":"","meta":[],"_links":{"self":[{"href":"http:\/\/www.protes.com.tr\/index.php\/wp-json\/wp\/v2\/pages\/1760"}],"collection":[{"href":"http:\/\/www.protes.com.tr\/index.php\/wp-json\/wp\/v2\/pages"}],"about":[{"href":"http:\/\/www.protes.com.tr\/index.php\/wp-json\/wp\/v2\/types\/page"}],"author":[{"embeddable":true,"href":"http:\/\/www.protes.com.tr\/index.php\/wp-json\/wp\/v2\/users\/1"}],"replies":[{"embeddable":true,"href":"http:\/\/www.protes.com.tr\/index.php\/wp-json\/wp\/v2\/comments?post=1760"}],"version-history":[{"count":1,"href":"http:\/\/www.protes.com.tr\/index.php\/wp-json\/wp\/v2\/pages\/1760\/revisions"}],"predecessor-version":[{"id":1762,"href":"http:\/\/www.protes.com.tr\/index.php\/wp-json\/wp\/v2\/pages\/1760\/revisions\/1762"}],"wp:attachment":[{"href":"http:\/\/www.protes.com.tr\/index.php\/wp-json\/wp\/v2\/media?parent=1760"}],"curies":[{"name":"wp","href":"https:\/\/api.w.org\/{rel}","templated":true}]}}