{"id":1738,"date":"2021-08-27T07:43:12","date_gmt":"2021-08-27T07:43:12","guid":{"rendered":"http:\/\/www.protes.com.tr\/?page_id=1738"},"modified":"2021-08-27T07:46:22","modified_gmt":"2021-08-27T07:46:22","slug":"okullar-devlet-daireleri-2","status":"publish","type":"page","link":"http:\/\/www.protes.com.tr\/index.php\/okullar-devlet-daireleri-2\/","title":{"rendered":"OKULLAR &#8211; DEVLET DA\u0130RELER\u0130"},"content":{"rendered":"\n<figure class=\"wp-block-image size-full\"><img loading=\"lazy\" width=\"992\" height=\"407\" src=\"http:\/\/www.protes.com.tr\/wp-content\/uploads\/2021\/08\/okullar-devlet-daireleri-1.png\" alt=\"\" class=\"wp-image-1739\" srcset=\"http:\/\/www.protes.com.tr\/wp-content\/uploads\/2021\/08\/okullar-devlet-daireleri-1.png 992w, http:\/\/www.protes.com.tr\/wp-content\/uploads\/2021\/08\/okullar-devlet-daireleri-1-300x123.png 300w, http:\/\/www.protes.com.tr\/wp-content\/uploads\/2021\/08\/okullar-devlet-daireleri-1-768x315.png 768w\" sizes=\"(max-width: 992px) 100vw, 992px\" \/><\/figure>\n\n\n\n<ol><li>DE\u011e\u0130RMENDERE 8 YILLIK \u0130LK.OKULU &#8211; Yang\u0131n Alarm, Seslendirme, Ayd\u0131nlatma ve Kuvvet Tesisat\u0131<\/li><li>KARAM\u00dcRSEL 8 YILLIK \u0130LK. OKULU &#8211; Yang\u0131n Alarm, Seslendirme, Ayd\u0131nlatma ve Kuvvet Tesisat\u0131<\/li><li>GEBZE 8 YILLIK \u0130LK. OKULU &#8211; Yang\u0131n Alarm, Seslendirme, Ayd\u0131nlatma ve Kuvvet Tesisat\u0131<\/li><li>BAH\u00c7EC\u0130K 8 YILLIK \u0130LK. OKULU &#8211; Yang\u0131n Alarm, Seslendirme, Ayd\u0131nlatma ve Kuvvet Tesisat\u0131<\/li><li>DUMLUPINAR 8 YILLIK \u0130LK. OKULU &#8211; Yang\u0131n Alarm, Seslendirme, Ayd\u0131nlatma ve Kuvvet Tesisat\u0131<\/li><li>K\u00d6SEK\u00d6Y 8 YILLIK \u0130LK. OKULU &#8211; Yang\u0131n Alarm, Seslendirme, Ayd\u0131nlatma ve Kuvvet Tesisat\u0131<\/li><li>G\u00dcNDO\u011eDU-1 8 YILLIK \u0130LK. OKULU &#8211; Yang\u0131n Alarm, Seslendirme, Ayd\u0131nlatma ve Kuvvet Tesisat\u0131<\/li><li>DZ.K.K DER\u0130NCE E\u011e\u0130T\u0130M MERKEZ\u0130 500 YATAKLI \u00d6\u011eRENC\u0130 B\u0130NASI &#8211; Yang\u0131n Alarm, Seslendirme, Ayd\u0131nlatma ve Kuvvet Tesisat\u0131<\/li><li>DZ.K.K DER\u0130NCE E\u011e\u0130T\u0130M MERKEZ\u0130 20 DERSL\u0130KL\u0130 B\u0130NA &#8211; Yang\u0131n Alarm, Seslendirme, Ayd\u0131nlatma ve Kuvvet Tesisat\u0131<\/li><li>I\u015eIN OKULU \u2013 Arnavutk\u00f6y \/ \u0130STANBUL &#8211; Yang\u0131n Alarm Sistemi<\/li><li>G\u00d6LC\u00dcK H\u00dcK\u00dcMET KONA\u011eI &#8211; Yang\u0131n Alarm, Seslendirme, Ayd\u0131nlatma ve Kuvvet Tesisat\u0131<\/li><li>B\u00dcY\u00dcK\u00c7EMECE BELED\u0130YES\u0130 ATAT\u00dcRK K\u00dcLT\u00dcR MERKEZ\u0130 &#8211; Kuvvetli Ak\u0131m ve Zay\u0131f Ak\u0131m Tesisat\u0131 \u0130\u015fleri<\/li><li>HEYBEL\u0130ADA ESK\u0130 RUM \u0130LKOKULU &#8211; Eski Rum \u0130lkokulunun Renovasyonu Elektrik Tesisat\u0131 \u0130\u015fleri ( Kuvvetli Ak\u0131m, Zay\u0131f Ak\u0131m Tesisatlar\u0131 )<\/li><li>\u015e\u0130\u015eL\u0130 BELED\u0130YES\u0130 BA\u015eKANLIK KATI VE MECL\u0130S SALONU &#8211; Kuvvetli Ak\u0131m ve Zay\u0131f Ak\u0131m Tesisat\u0131 \u0130\u015fleri<\/li><li>\u015e\u0130\u015eL\u0130 BELED\u0130YES\u0130 AYAZA\u011eA K\u00dcLT\u00dcR MERKEZ\u0130 &#8211; Kuvvetli Ak\u0131m ve Zay\u0131f Ak\u0131m Tesisat\u0131 \u0130\u015fleri<\/li><\/ol>\n","protected":false},"excerpt":{"rendered":"<p>DE\u011e\u0130RMENDERE 8 YILLIK \u0130LK.OKULU &#8211; Yang\u0131n Alarm, Seslendirme, Ayd\u0131nlatma ve Kuvvet Tesisat\u0131 KARAM\u00dcRSEL 8 YILLIK \u0130LK. OKULU &#8211; Yang\u0131n Alarm, Seslendirme, Ayd\u0131nlatma ve Kuvvet Tesisat\u0131 GEBZE 8 YILLIK \u0130LK. OKULU &#8230;<\/p>\n","protected":false},"author":1,"featured_media":0,"parent":0,"menu_order":0,"comment_status":"closed","ping_status":"closed","template":"","meta":[],"_links":{"self":[{"href":"http:\/\/www.protes.com.tr\/index.php\/wp-json\/wp\/v2\/pages\/1738"}],"collection":[{"href":"http:\/\/www.protes.com.tr\/index.php\/wp-json\/wp\/v2\/pages"}],"about":[{"href":"http:\/\/www.protes.com.tr\/index.php\/wp-json\/wp\/v2\/types\/page"}],"author":[{"embeddable":true,"href":"http:\/\/www.protes.com.tr\/index.php\/wp-json\/wp\/v2\/users\/1"}],"replies":[{"embeddable":true,"href":"http:\/\/www.protes.com.tr\/index.php\/wp-json\/wp\/v2\/comments?post=1738"}],"version-history":[{"count":2,"href":"http:\/\/www.protes.com.tr\/index.php\/wp-json\/wp\/v2\/pages\/1738\/revisions"}],"predecessor-version":[{"id":1742,"href":"http:\/\/www.protes.com.tr\/index.php\/wp-json\/wp\/v2\/pages\/1738\/revisions\/1742"}],"wp:attachment":[{"href":"http:\/\/www.protes.com.tr\/index.php\/wp-json\/wp\/v2\/media?parent=1738"}],"curies":[{"name":"wp","href":"https:\/\/api.w.org\/{rel}","templated":true}]}}