{"id":1729,"date":"2021-08-27T06:58:23","date_gmt":"2021-08-27T06:58:23","guid":{"rendered":"http:\/\/www.protes.com.tr\/?page_id=1729"},"modified":"2021-08-27T06:58:24","modified_gmt":"2021-08-27T06:58:24","slug":"konsept-proje-referanslari","status":"publish","type":"page","link":"http:\/\/www.protes.com.tr\/index.php\/konsept-proje-referanslari\/","title":{"rendered":"KONSEPT PROJE REFERANSLARI"},"content":{"rendered":"\n<figure class=\"wp-block-image size-large\"><img loading=\"lazy\" width=\"1024\" height=\"423\" src=\"http:\/\/www.protes.com.tr\/wp-content\/uploads\/2021\/08\/konspet-proje-referanslari-1-1024x423.png\" alt=\"\" class=\"wp-image-1730\" srcset=\"http:\/\/www.protes.com.tr\/wp-content\/uploads\/2021\/08\/konspet-proje-referanslari-1-1024x423.png 1024w, http:\/\/www.protes.com.tr\/wp-content\/uploads\/2021\/08\/konspet-proje-referanslari-1-300x124.png 300w, http:\/\/www.protes.com.tr\/wp-content\/uploads\/2021\/08\/konspet-proje-referanslari-1-768x317.png 768w, http:\/\/www.protes.com.tr\/wp-content\/uploads\/2021\/08\/konspet-proje-referanslari-1.png 1193w\" sizes=\"(max-width: 1024px) 100vw, 1024px\" \/><\/figure>\n\n\n\n<ol><li>ABBATE MA\u011eAZALARI KONSEPT PROJELER\u0130<\/li><li>LENTE MA\u011eAZALARI KONSEPT PROJELER\u0130<\/li><li>BONCHIC MA\u011eAZALARI KONSEPT PROJELER\u0130<\/li><li>ABBATE DEPO MA\u011eAZALARI KONSEPT PROJELER\u0130<\/li><li>AKBANK \u00d6ZEL BANKACILIK \u015eUBELER\u0130 KONSEPT PROJELER\u0130<\/li><li>PAMUKBANK T.A.\u015e. \u015eUBELER\u0130 2000 KONSEPT\u0130 PROJELER\u0130<\/li><li>NAROIL BENZ\u0130N \u0130STASYONLARI &#8211; SUDAN<\/li><li>P\u0130ZZA &#8211; P\u0130ZZA KONSEPT PROJELER\u0130<\/li><li>\u0130K\u0130LER TEKST\u0130L KONSEPT PROJELER\u0130<\/li><li>ROMAN MA\u011eAZALARI KONSEPT PROJELER\u0130<\/li><li>G\u00d6ZL\u00dcX MA\u011eAZALARI KONSEPT PROJELER\u0130<\/li><\/ol>\n","protected":false},"excerpt":{"rendered":"<p>ABBATE MA\u011eAZALARI KONSEPT PROJELER\u0130 LENTE MA\u011eAZALARI KONSEPT PROJELER\u0130 BONCHIC MA\u011eAZALARI KONSEPT PROJELER\u0130 ABBATE DEPO MA\u011eAZALARI KONSEPT PROJELER\u0130 AKBANK \u00d6ZEL BANKACILIK \u015eUBELER\u0130 KONSEPT PROJELER\u0130 PAMUKBANK T.A.\u015e. \u015eUBELER\u0130 2000 KONSEPT\u0130 PROJELER\u0130 NAROIL &#8230;<\/p>\n","protected":false},"author":1,"featured_media":0,"parent":0,"menu_order":0,"comment_status":"closed","ping_status":"closed","template":"","meta":[],"_links":{"self":[{"href":"http:\/\/www.protes.com.tr\/index.php\/wp-json\/wp\/v2\/pages\/1729"}],"collection":[{"href":"http:\/\/www.protes.com.tr\/index.php\/wp-json\/wp\/v2\/pages"}],"about":[{"href":"http:\/\/www.protes.com.tr\/index.php\/wp-json\/wp\/v2\/types\/page"}],"author":[{"embeddable":true,"href":"http:\/\/www.protes.com.tr\/index.php\/wp-json\/wp\/v2\/users\/1"}],"replies":[{"embeddable":true,"href":"http:\/\/www.protes.com.tr\/index.php\/wp-json\/wp\/v2\/comments?post=1729"}],"version-history":[{"count":1,"href":"http:\/\/www.protes.com.tr\/index.php\/wp-json\/wp\/v2\/pages\/1729\/revisions"}],"predecessor-version":[{"id":1731,"href":"http:\/\/www.protes.com.tr\/index.php\/wp-json\/wp\/v2\/pages\/1729\/revisions\/1731"}],"wp:attachment":[{"href":"http:\/\/www.protes.com.tr\/index.php\/wp-json\/wp\/v2\/media?parent=1729"}],"curies":[{"name":"wp","href":"https:\/\/api.w.org\/{rel}","templated":true}]}}